t of 10298?
1
What is the units digit of 808?
8
What is the tens digit of 15033?
3
What is the tens digit of 547?
4
What is the hundreds digit of 17857?
8
What is the hundreds digit of 87019?
0
What is the tens digit of 562?
6
What is the thousands digit of 10009?
0
What is the tens digit of 241?
4
What is the units digit of 78561?
1
What is the ten thousands digit of 66673?
6
What is the tens digit of 402?
0
What is the units digit of 16070?
0
What is the hundreds digit of 159?
1
What is the thousands digit of 1413?
1
What is the tens digit of 4942?
4
What is the units digit of 524?
4
What is the ten thousands digit of 46802?
4
What is the tens digit of 21226?
2
What is the ten thousands digit of 13811?
1
What is the hundreds digit of 6076?
0
What is the tens digit of 75078?
7
What is the ten thousands digit of 10470?
1
What is the tens digit of 2412?
1
What is the ten thousands digit of 88724?
8
What is the hundreds digit of 3301?
3
What is the tens digit of 79?
7
What is the hundreds digit of 885?
8
What is the thousands digit of 19925?
9
What is the units digit of 400?
0
What is the tens digit of 325?
2
What is the tens digit of 6731?
3
What is the thousands digit of 4487?
4
What is the thousands digit of 32380?
2
What is the thousands digit of 10641?
0
What is the tens digit of 1856?
5
What is the tens digit of 20943?
4
What is the thousands digit of 1027?
1
What is the units digit of 3365?
5
What is the thousands digit of 58800?
8
What is the hundreds digit of 4891?
8
What is the units digit of 2849?
9
What is the thousands digit of 1561?
1
What is the thousands digit of 2050?
2
What is the tens digit of 46979?
7
What is the units digit of 9855?
5
What is the tens digit of 3553?
5
What is the tens digit of 3189?
8
What is the units digit of 78517?
7
What is the tens digit of 55973?
7
What is the units digit of 13099?
9
What is the thousands digit of 101385?
1
What is the tens digit of 24353?
5
What is the hundreds digit of 2210?
2
What is the tens digit of 3006?
0
What is the tens digit of 703?
0
What is the hundreds digit of 947?
9
What is the tens digit of 1079?
7
What is the tens digit of 3658?
5
What is the tens digit of 1805?
0
What is the units digit of 35110?
0
What is the units digit of 10?
0
What is the hundreds digit of 8810?
8
What is the tens digit of 602?
0
What is the thousands digit of 15297?
5
What is the tens digit of 6145?
4
What is the thousands digit of 2213?
2
What is the units digit of 2165?
5
What is the hundreds digit of 148012?
0
What is the hundreds digit of 946?
9
What is the hundreds digit of 2151?
1
What is the tens digit of 1014?
1
What is the thousands digit of 14650?
4
What is the units digit of 7555?
5
What is the tens digit of 18?
1
What is the hundreds digit of 526?
5
What is the units digit of 9364?
4
What is the units digit of 2990?
0
What is the tens digit of 1495?
9
What is the hundreds digit of 9781?
7
What is the hundreds digit of 1555?
5
What is the hundreds digit of 3645?
6
What is the ten thousands digit of 42807?
4
What is the thousands digit of 1379?
1
What is the units digit of 920?
0
What is the tens digit of 16672?
7
What is the tens digit of 801?
0
What is the thousands digit of 2608?
2
What is the tens digit of 155898?
9
What is the hundreds digit of 129686?
6
What is the hundreds digit of 3668?
6
What is the hundreds digit of 1117?
1
What is the units digit of 2855?
5
What is the hundreds digit of 11722?
7
What is the units digit of 73?
3
What is the tens digit of 5878?
7
What is the units digit of 37705?
5
What is the tens digit of 442?
4
What is the tens digit of 45?
4
What is the hundreds digit of 571?
5
What is the ten thousands digit of 12290?
1
What is the hundreds digit of 5691?
6
What is the tens digit of 264?
6
What is the tens digit of 40?
4
What is the tens digit of 51750?
5
What is the hundreds digit of 2440?
4
What is the tens digit of 1983?
8
What is the thousands digit of 3602?
3
What is the units digit of 600?
0
What is the ten thousands digit of 31633?
3
What is the hundreds digit of 791?
7
What is the tens digit of 642?
4
What is the hundreds digit of 2957?
9
What is the thousands digit of 22706?
2
What is the hundreds digit of 53575?
5
What is the units digit of 10239?
9
What is the thousands digit of 5828?
5
What is the tens digit of 100452?
5
What is the hundred thousands digit of 108673?
1
What is the hundreds digit of 34660?
6
What is the units digit of 3344?
4
What is the tens digit of 274?
7
What is the units digit of 1912?
2
What is the thousands digit of 4106?
4
What is the tens digit of 446?
4
What is the tens digit of 2543?
4
What is the tens digit of 1642?
4
What is the units digit of 740?
0
What is the hundreds digit of 7768?
7
What is the units digit of 7320?
0
What is the units digit of 783?
3
What is the hundreds digit of 7974?
9
What is the units digit of 2062?
2
What is the ten thousands digit of 63622?
6
What is the units digit of 5503?
3
What is the hundreds digit of 4140?
1
What is the units digit of 115049?
9
What is the tens digit of 1096?
9
What is the tens digit of 8793?
9
What is the units digit of 89502?
2
What is the tens digit of 35549?
4
What is the ten thousands digit of 139536?
3
What is the hundreds digit of 390?
3
What is the tens digit of 398?
9
What is the thousands digit of 8848?
8
What is the tens digit of 23702?
0
What is the thousands digit of 68501?
8
What is the thousands digit of 1095?
1
What is the hundreds digit of 39353?
3
What is the tens digit of 802?
0
What is the hundreds digit of 100985?
9
What is the tens digit of 652?
5
What is the tens digit of 1533?
3
What is the units digit of 38363?
3
What is the thousands digit of 1646?
1
What is the tens digit of 73871?
7
What is the thousands digit of 3237?
3
What is the tens digit of 2571?
7
What is the units digit of 4795?
5
What is the units digit of 17887?
7
What is the tens digit of 55501?
0
What is the thousands digit of 3324?
3
What is the tens digit of 407?
0
What is the ten thousands digit of 16348?
1
What is the tens digit of 536?
3
What is the hundreds digit of 57882?
8
What is the units digit of 2379?
9
What is the thousands digit of 76760?
6
What is the ten thousands digit of 20788?
2
What is the ten thousands digit of 11506?
1
What is the thousands digit of 16171?
6
What is the thousands digit of 4369?
4
What is the thousands digit of 24139?
4
What is the hundreds digit of 7097?
0
What is the hundreds digit of 1132?
1
What is the units digit of 7385?
5
What is the hundred thousands digit of 129503?
1
What is the hundreds digit of 477?
4
What is the units digit of 108837?
7
What is the thousands digit of 4090?
4
What is the hundreds digit of 30880?
8
What is the units digit of 95773?
3
What is the thousands digit of 2123?
2
What is the thousands digit of 27802?
7
What is the tens digit of 2219?
1
What is the units digit of 3560?
0
What is the tens digit of 3618?
1
What is the tens digit of 23293?
9
What is the tens digit of 75603?
0
What is the tens digit of 2641?
4
What is the tens digit of 13619?
1
What is the thousands digit of 4684?
4
What is the hundreds digit of 264?
2
What is the thousands digit of 4250?
4
What is the ten thousands digit of 42779?
4
What is the hundreds digit of 53987?
9
What is the tens digit of 24307?
0
What is the hundreds digit of 152?
1
What is the tens digit of 7073?
7
What is the thousands digit of 1407?
1
What is the hundreds digit of 106467?
4
What is the tens digit of 1258?
5
What is the hundreds digit of 9039?
0
What is the units digit of 11861?
1
What is the hundreds digit of 965?
9
What is the hundreds digit of 8344?
3
What is the ten thousands digit of 17184?
1
What is the thousands digit of 1866?
1
What is the ten thousands digit of 38931?
3
What is the tens digit of 20113?
1
What is the tens digit of 4650?
5
What is the ten thousands digit of 69423?
6
What is the hundreds digit of 447?
4
What is the thousands digit of 22585?
2
What is the tens digit of 302?
0
What is the thousands digit of 20860?
0
What is the tens digit of 1542?
4
What is the tens digit of 1841?
4
What is the thousands digit of 18037?
8
What is the tens digit of 74029?
2
What is the tens digit of 5761?
6
What is the ten thousands digit of 59014?
5
What